64992 a multiple of 87?
False
Does 39 divide 332230?
False
Does 377 divide 6976319?
False
Is 334252 a multiple of 2?
True
Is 606891 a multiple of 4?
False
Is 517448 a multiple of 4?
True
Is 648 a factor of 624069?
False
Is 78273 a multiple of 13?
True
Is 155 a factor of 8702320?
True
Does 153 divide 22066884?
True
Is 391857 a multiple of 5?
False
Is 33 a factor of 1936695?
False
Does 51 divide 321312?
False
Does 42 divide 86742?
False
Is 393879 a multiple of 108?
False
Does 269 divide 4393?
False
Is 18 a factor of 1676515?
False
Is 5 a factor of 566385?
True
Is 4 a factor of 2173180?
True
Is 12 a factor of 5468079?
False
Does 361 divide 132691?
False
Is 130 a factor of 3589569?
False
Is 4 a factor of 1142912?
True
Is 206 a factor of 5678184?
True
Is 912870 a multiple of 63?
True
Is 1239 a factor of 16461672?
False
Is 776 a factor of 7448258?
False
Is 379520 a multiple of 9?
False
Is 215061 a multiple of 21?
True
Is 1355975 a multiple of 73?
True
Is 2112255 a multiple of 219?
True
Is 670772 a multiple of 92?
True
Is 15535160 a multiple of 190?
True
Is 44280 a multiple of 6?
True
Is 36288 a multiple of 448?
True
Is 1995370 a multiple of 26?
True
Is 136 a factor of 971190?
False
Is 3178284 a multiple of 25?
False
Does 371 divide 21884918?
False
Is 481428 a multiple of 18?
True
Does 92 divide 139586?
False
Is 4 a factor of 21224?
True
Is 366741 a multiple of 153?
True
Is 249424 a multiple of 57?
False
Does 33 divide 39204?
True
Is 429736 a multiple of 52?
False
Does 61 divide 58058?
False
Is 22 a factor of 988020?
True
Does 6 divide 3173384?
False
Is 25 a factor of 48499?
False
Does 11 divide 744657?
False
Is 136 a factor of 1172728?
True
Is 3 a factor of 14178?
True
Is 2809703 a multiple of 13?
True
Does 145 divide 6441190?
True
Does 103 divide 3620728?
False
Does 19 divide 90814?
False
Is 53634 a multiple of 6?
True
Is 3779542 a multiple of 34?
True
Does 57 divide 189163?
False
Is 279 a factor of 391989?
False
Does 380 divide 95278?
False
Is 113748 a multiple of 12?
True
Is 31 a factor of 637267?
True
Is 945 a factor of 1344395?
False
Is 841590 a multiple of 427?
False
Is 25 a factor of 221796?
False
Does 202 divide 65980?
False
Is 9356120 a multiple of 10?
True
Is 35 a factor of 83860?
True
Is 1591185 a multiple of 235?
True
Does 18 divide 294678?
True
Is 4 a factor of 183589?
False
Is 705597 a multiple of 233?
False
Is 74 a factor of 76663?
False
Is 153 a factor of 104784?
False
Does 22 divide 624529?
False
Is 73 a factor of 1001779?
True
Is 2173300 a multiple of 844?
True
Is 422 a factor of 19412?
True
Does 1635 divide 3619358?
False
Does 18 divide 38646?
True
Does 20 divide 3423980?
True
Is 749717 a multiple of 29?
False
Does 14 divide 78512?
True
Does 18 divide 695034?
True
Is 16261 a multiple of 101?
True
Does 16 divide 2790931?
False
Is 63 a factor of 135387?
True
Is 15595792 a multiple of 13?
False
Is 14 a factor of 1525469?
False
Does 16 divide 357921?
False
Does 561 divide 18843429?
True
Is 35 a factor of 2565430?
True
Does 2 divide 1203338?
True
Is 521 a factor of 3933455?
False
Is 24 a factor of 19824?
True
Is 86 a factor of 43946?
True
Is 471 a factor of 485601?
True
Is 177 a factor of 1024973?
False
Is 166985 a multiple of 35?
True
Does 15 divide 87632?
False
Is 19 a factor of 682233?
True
Is 1760540 a multiple of 95?
True
Is 105 a factor of 67997?
False
Is 715254 a multiple of 23?
True
Does 97 divide 633615?
False
Is 59808 a multiple of 224?
True
Is 11 a factor of 1530422?
False
Is 281 a factor of 2640703?
False
Is 5 a factor of 900825?
True
Is 238080 a multiple of 240?
True
Does 8 divide 640205?
False
Is 70 a factor of 1197280?
True
Does 86 divide 12893?
False
Is 178 a factor of 163183?
False
Is 412 a factor of 9864884?
False
Does 224 divide 12742305?
False
Does 40 divide 98388?
False
Is 36 a factor of 216288?
True
Is 21792 a multiple of 32?
True
Does 20 divide 231666?
False
Does 20 divide 183360?
True
Is 14 a factor of 18418858?
False
Is 7 a factor of 172977?
True
Does 35 divide 213745?
True
Does 10 divide 2899740?
True
Is 42 a factor of 652961?
False
Is 137 a factor of 3310198?
False
Is 169884 a multiple of 132?
True
Does 363 divide 1876950?
False
Is 485780 a multiple of 10?
True
Is 2 a factor of 965347?
False
Is 263212 a multiple of 12?
False
Does 73 divide 379819?
True
Is 11818 a multiple of 23?
False
Is 116 a factor of 445440?
True
Does 7 divide 1431577?
True
Is 126944 a multiple of 8?
True
Does 569 divide 2584398?
True
Is 21 a factor of 8484?
True
Does 12 divide 1575036?
True
Does 572 divide 25068640?
False
Is 2928335 a multiple of 24?
False
Does 535 divide 7190935?
True
Is 13771660 a multiple of 20?
True
Is 301 a factor of 9526?
False
Is 243 a factor of 8917371?
True
Is 3 a factor of 2928?
True
Does 45 divide 10438408?
False
Is 116 a factor of 462956?
True
Is 30 a factor of 214830?
True
Does 30 divide 13261?
False
Does 321 divide 492619?
False
Does 36 divide 290304?
True
Is 870400 a multiple of 34?
True
Is 416797 a multiple of 35?
False
Does 28 divide 17305487?
False
Is 301008 a multiple of 219?
False
Is 11 a factor of 435696?
False
Is 66 a factor of 616772?
False
Does 371 divide 6011313?
True
Is 1508885 a multiple of 19?
True
Does 7 divide 73040?
False
Does 14 divide 1943301?
False
Is 25 a factor of 1297675?
True
Is 3 a factor of 4339798?
False
Does 552 divide 70121?
False
Does 260 divide 86840?
True
Is 85 a factor of 479856?
False
Does 5 divide 5176930?
True
Is 6062999 a multiple of 13?
False
Is 26 a factor of 308906?
True
Is 38 a factor of 7115043?
False
Is 4 a factor of 7672486?
False
Does 13 divide 99398?
True
Is 85 a factor of 6591759?
False
Does 283 divide 56034?
True
Is 10 a factor of 14080080?
True
Is 9 a factor of 1098387?
True
Is 111456 a multiple of 24?
True
Is 74419 even?
False
Is 222752 a multiple of 8?
True
Is 16 a factor of 256245?
False
Is 1387296 a multiple of 36?
True
Is 320 a factor of 66348?
False
Is 166 a factor of 29803?
False
Does 7 divide 38115?
True
Is 11 a factor of 231583?
True
Is 3419090 a multiple of 1293?
False
Is 241 a factor of 180068?
False
Does 6 divide 215628?
True
Does 13 divide 10002499?
True
Is 12 a factor of 36576?
True
Is 15978 a multiple of 169?
False
Does 27 divide 1254312?
True
Is 10569 a multiple of 271?
True
Does 135 divide 12279792?
False
Is 61776 even?
True
Does 52 divide 722852?
True
Does 11 divide 6659455?
True
Is 399 a factor of 13173717?
False
Is 109817 a multiple of 30?
False
Does 26 divide 155905?
False
Is 97 a factor of 55969?
True
Is 326 a factor of 89976?
True
Is 954948 a multiple of 81?
False
Is 327596 a multiple of 8?
False
Is 30 a factor of 44833?
False
Is 84 a factor of 525283?
False
Is 287910 a multiple of 35?
True
Does 11 divide 18032?
False
Does 27 divide 536544?
True
Does 29 divide 1822157?
True
Does 65 divide 1134630?
False
Is 6 a factor of 95550?
True
Is 80187 a multiple of 7?
False
Is 954605 a multiple of 40?
False
Is 205185 a multiple of 9?
False
Does 2 divide 80707?
False
Is 56 a factor of 1009848?
True
Is 11861 a multiple of 57?
False
Is 19370 even?
True
Is 19027 a multiple of 4?
False
Does 1213 divide 10557999?
False
Is 16 a factor of 447994?
False
Does 2068 divide 13355144?
True
Does 12 divide 9056493?
False
Does 9 divide 1086973?
False
Does 57 divide 106533?
True
Is 486 a factor of 874623?
False
Is 453 a factor of 945411?
True
Is 672432 a multiple of 16?
True
Does 86 divide 161336?
True
Does 30 divide 867233?
False
Is 9 a factor of 7533338?
False
Is 1963304 a multiple of 56?
True
Is 574 a factor of 6776070?
True
Is 9 a factor of 242398?
False
Is 141 a factor of 11912?
False
Is 401656 a multiple of 71?
False
Does 33 divide 201135?
True
Does 188 divide 1873984?
True
Does 33 divide 1820183?
False
Does 8 divide 121234?
False
Is 56760 a multiple of 22?
True
Does 414 divide 652452?
False
Is 66600 a multiple of 333?
True
Does 278 divide 65886?
True
Does 171 divide 474183?
True
Is 37064 a multiple of 164?
True
Is 62 a factor of 1073175?
False
Is 6 a factor of 11034?
True
Does 174 divide 102728?
False
Is 37 a factor of 186850?
True
Is 6 a factor of 2059810?
False
Is 7533 a multiple of 3?
True
Is 6940249 a multiple of 31?
True
Is 57902 a multiple of 2?
True
Is 2043856 a multiple of 2?
True
Does 229 divide 3325548?
False
Is 60 a factor of 486957?
False
Doe